 3*h - 14 = -5*l, h = -2*l + z. What is w(h)?
1
Let o(s) = -5*s**3 + 2*s**2 - 5*s + 2. Let q(c) = -9*c**3 + 3*c**2 - 9*c + 4. Let j(z) = 11*o(z) - 6*q(z). What is j(4)?
-6
Let g(u) = u**2 + 0 + 3*u**3 + 1 + 38*u - 40*u. Suppose -2*j + 4 = -0*j + m, -2*j + m = 0. What is g(j)?
3
Suppose -4 = -5*q + 11. Let j(k) = -k**q + 3*k + 3*k**2 - 1 - 5*k - 6*k**2. Suppose -6*c + 16 = -4*c - 5*y, -3*y = 3*c + 18. Determine j(c).
-1
Let m(o) be the second derivative of -o**4/6 + 4*o**3/3 + 2*o**2 - 41*o. Give m(6).
-20
Let j(x) = -x**3 + 2*x**3 - 10*x - 23 + 8*x**2 + 15. What is j(-9)?
1
Suppose c - 74 = -79. Let r(h) = h**3 + 5*h**2 + 2*h + 2. Determine r(c).
-8
Let c = 9 - 5. Suppose -2*i + w - 6 = -0*w, -c*i - 18 = -5*w. Let g(k) = 0*k**2 + 2 - k**3 - 1 - 2*k**2. Give g(i).
1
Let v(w) = -4*w. Let j = 17 + -14. Determine v(j).
-12
Let f(s) = s - 1. Let i be f(4). Let d(v) be the first derivative of -3*v**2 + 1/4*v**4 + 4/3*v**i - 1 + 4*v. Give d(-5).
9
Let s be 1/3 + (-24)/(-9). Suppose y - 7 = -2*g - 1, 4*g + y = 10. Let c(w) = 0 + g*w + 0 - 4 + 0*w. Give c(s).
2
Let k(y) be the first derivative of 6 - 3/2*y**2 + 2/3*y**3 + 2*y + 1/4*y**4. Calculate k(-3).
2
Let b(x) = -3 + x**3 + 5*x**3 - 3*x + 6*x**3 - 3*x**2 - 11*x**3. What is b(4)?
1
Let n(i) = -i**2 - 5*i - 1. Let r be n(-5). Let v(h) = 4*h**2 - 2*h + 1. Let j(z) = -4*z**2 + 3*z - 2. Let p(w) = -2*j(w) - 3*v(w). What is p(r)?
-3
Let g(r) = 5*r - 1. Let n be g(1). Let t(d) be the second derivative of -d**5/20 + 5*d**4/12 - d**3 + 2*d**2 - 2*d - 35. Determine t(n).
-4
Suppose -6 = 7*w - 6*w. Let u be -3 - 2*w/4. Let o = -4 + u. Let p(r) = r**2 + 5*r + 2. Give p(o).
-2
Let z(s) = -3*s - 3. Suppose -5*f - 6 - 4 = 0. Let r be z(f). Suppose -j = -r + 5. Let o(w) = -w + 1. What is o(j)?
3
Let b(c) = c + 3*c - 12*c**2 + c**3 + 7*c**2 + 5 - c**2. Give b(5).
0
Let q = 31 + -28. Let k(y) be the second derivative of -y + 0 + 1/2*y**2 + 1/20*y**5 + 1/6*y**q + 1/12*y**4. Give k(-1).
0
Let d(l) = l**2 - l. Let x(v) = 2*v**2 - 2*v + 1. Let o(c) = 3*d(c) - 2*x(c). Calculate o(0).
-2
Let l(v) be the third derivative of -5*v**5/12 + v**4/12 + v**3/6 - 2*v**2 + 50. Give l(-1).
-26
Suppose 0 = 2*l + 5*c - 1 - 4, 5*c + 30 = 5*l. Let a(d) = -3*d**2 + 2*d**2 + 2*d**2 - 5*d + 6. Give a(l).
6
Let x(j) = -j**2 + 2*j - 2. Suppose 0 = -0*v + 2*v - 6. What is x(v)?
-5
Let d(a) = -5*a**3 - 8*a**2 + 9*a + 8. Let y(m) = -6*m**3 + 2 - 5 + 4 + 8 - 9*m**2 + 10*m. Let c(j) = -5*d(j) + 4*y(j). Calculate c(-4).
16
Let q(d) = d + 7. Suppose z = -z + 5*m - 16, -3*z - 4*m - 70 = 0. Let a = -18 - z. Calculate q(a).
7
Let q(z) = 10*z**2 - 6*z - 5. Let p(a) = 11*a**2 - 7*a - 6. Let n(c) = -5*p(c) + 6*q(c). Let y(s) = s**2 - 4*s + 1. Let u be y(4). Give n(u).
4
Let k(c) = -c + 4. Let j(n) = 1. Let u(i) = 5*j(i) - k(i). Suppose s - 5 = -x, 0*x - 2*x = -10. Let h = s + -1. Determine u(h).
0
Let y(a) = -3 - 3 + 31*a + 4 - a**2 - 38*a. What is y(-5)?
8
Let w(s) be the third derivative of s**5/60 + s**4/4 + 15*s**2. Give w(-5).
-5
Let r(l) = -l**3 - 4*l**2 + 4. Let z be r(-4). Let n(v) = v**2 - z - v + 0*v + 0 + 5*v. Give n(-5).
1
Let v(i) be the third derivative of i**5/60 + 5*i**4/24 - i**3 + i**2. Suppose 3*b = 3*f + 6 + 12, -4*b + 9 = -f. Let q be 4/1*-1 - b. Determine v(q).
-6
Let t = 46 + -45. Let y(r) be the second derivative of 7*r**4/12 - r**3/6 + r**2/2 + r. What is y(t)?
7
Let x(k) = -k**2 + 13 + 0*k**2 - 16 - 6*k. Give x(-4).
5
Let r(i) = -i + 3. Let k be r(-2). Let q(g) = 3*g + 15. Let n(z) = 4*z + 22. Let f(v) = -5*n(v) + 7*q(v). What is f(k)?
0
Let b(h) = 2*h + 2*h + 0*h**2 - 3 - h**2. Let g be b(3). Let c(p) = 3*p - 4 + g + 3. Calculate c(-2).
-7
Let b(w) be the second derivative of 0 - 1/12*w**4 - 3*w**2 + w**3 + 5*w. Give b(4).
2
Let p(l) = l**2 - 7*l + 4. Let m be (2/(-4))/((-2)/(-68)). Let s = -11 - m. Let n = -1 + s. Calculate p(n).
-6
Let f(l) = l + 4. Suppose 4*v = -2*c + 10, -5*c = 3*v + 9 - 34. Calculate f(c).
9
Let a(r) = r**3 + 2*r**2 + r + 1. Let c = -3 + 0. Let h be -8 + (-6)/(-2) - c. Calculate a(h).
-1
Let o(a) = 3*a. Let c = -11 + 10. Let u be (0 - c)/(7 + -8). What is o(u)?
-3
Suppose 0 = 2*q + q - 42. Suppose 0*n + n - 12 = -3*g, -q = -g + 3*n. Let k(r) = 9*r + 4 - r**2 + 2 - 6*r + 1. What is k(g)?
-3
Let v = -9 + 3. Let m(l) = -2*l - 8. Let o(w) = w. Let q(d) = 2*d - 7. Let g(i) = 4*o(i) - q(i). Let y(x) = v*g(x) - 5*m(x). Give y(-2).
2
Let u(l) = 10. Let g(f) = -f. Let j(m) = -3*g(m) - u(m). What is j(4)?
2
Let h(z) = 1. Let r(y) = -5*y**2 - 3. Let o(s) = -3*h(s) - r(s). Calculate o(1).
5
Let n(s) = -4*s**3 - 29*s**2 - 20*s - 5. Let g(r) = r**3 + 7*r**2 + 5*r + 1. Let c(d) = -9*g(d) - 2*n(d). Give c(-4).
5
Let o(f) = -f**3 + 8*f**2 - f + 10. Suppose 28 = -2*q + 44. What is o(q)?
2
Suppose -13 = -5*q - 2*b, q = -5*b - 2 - 0. Suppose 3*a + q = 12. Let w(g) be the second derivative of g**4/12 - g**3/2 + g**2/2 + g. Give w(a).
1
Let x(t) = t**2 - t + 9. Let h be (-3)/9 + (-3)/(-9). Calculate x(h).
9
Let j(h) = 3*h**2 + h. Let t be ((-4)/(-12))/(1/(-3)). Determine j(t).
2
Let b(i) be the second derivative of i**4/12 - 4*i**3/3 + 7*i**2/2 + 29*i. Determine b(8).
7
Let u(k) = k**2 - 2*k + 1. Suppose p - 1 = -0*p. Calculate u(p).
0
Let l(m) = 3*m**2 - 5*m. Let r(v) = 2*v**2 - v + 1. Let s(i) = -l(i) + 2*r(i). Give s(-5).
12
Let r(m) be the third derivative of m**4/24 - 2*m**3/3 - 13*m**2. Calculate r(-5).
-9
Let a(j) = 8*j + 3. Let b(t) = 70*t + 26. Let n(s) = -52*a(s) + 6*b(s). What is n(2)?
8
Let f(r) = -r**2 + 3*r + 7. Let x(i) = i**2 - 4*i - 7. Let m(t) = 6*f(t) + 5*x(t). Determine m(-5).
-8
Let h(n) be the first derivative of -n**2/2 - 2*n + 11. Give h(2).
-4
Let z(k) = -k**3 - 2*k**2 + 3*k + 1. Let c be 3/(-2)*28/(-21). Let h be (-4)/c*(4 + -3). Give z(h).
-5
Let d(o) = -o**2 + 5*o - 3. Let j be (-4)/3 - 2/3. Let g(k) = -4*k**2 + 2. Let m be g(j). Let i be (-3)/(-9) - m/3. Give d(i).
-3
Let i(h) be the first derivative of 4*h - 4 - 1/3*h**3 - h**2. Calculate i(-3).
1
Let c(z) = -z**3 + 5*z**2 - 2*z - 2. Let m = -10 - -5. Let n(q) = q**2 + 5*q + 4. Let o be n(m). Determine c(o).
6
Let j(t) = 2*t - 6. Let a(s) = -3*s**2 + 9*s. Let w(p) = 16*p**2 - 45*p - 1. Let d(o) = 11*a(o) + 2*w(o). Let x be d(8). What is j(x)?
6
Let j(p) = p. Let v = 20 + -14. Let b = 57 + -46. Let t be 31/b - v/(-33). Calculate j(t).
3
Let z(f) = 6*f**2. Let v(p) = 2*p**2 + p. Let j be v(1). Suppose t = -2*d + 5, 3*d + 3*t - 15 + j = 0. What is z(d)?
6
Let b(o) = o**2 + 3*o - 1. Let r = -6 + 9. Suppose 0 = k + 2, -r*k = z - 4*z - 15. Let x be (-4)/8 - z/(-2). What is b(x)?
3
Let g = 8 - 4. Suppose 3*m + 1 - g = 3*f, -5*m + f = -25. Let u(q) = q**2 - 5*q - 7. Let r be u(m). Let c(t) = 5*t**3 + t**2. Calculate c(r).
-4
Let r(y) be the first derivative of -2*y**3/3 + 3*y**2/2 + y + 1. Suppose 5*m - 3 - 7 = 0. Let g = 1 + m. Give r(g).
-8
Let l(j) = -2*j + 3*j - 2*j. Let h(v) = -2*v - 9. Let p be h(-4). Let a(q) = -q. Let o(x) = p*l(x) - 2*a(x). Determine o(-2).
-6
Let x(b) = -1 - 5*b + 2 + 1. Let t = -3 - 1. Let s = t + 6. Give x(s).
-8
Let s(n) be the second derivative of -n**7/840 + n**5/120 + n**4/12 + n**3/3 - 3*n. Let y(a) be the second derivative of s(a). Let c = 1 + -1. What is y(c)?
2
Let n(c) be the second derivative of -c**4/6 + 3*c**3/2 - 5*c**2/2 - 3*c + 6. Determine n(6).
-23
Let p(v) = 3*v**3 - 6. Let d(i) = i**3 + i**2 - i - 1. Let u(m) = 4*d(m) - p(m). Calculate u(-5).
-3
Let l(p) = -p**2 + 3*p - 3. Let v be (3 + (4 - 8))/(1/(-3)). Determine l(v).
-3
Let a(f) = -2*f**3 - 2*f**2 - f + 5. Let b(o) = -3*o**3 - 4*o**2 - 3*o + 9. Let n(d) = -5*a(d) + 3*b(d). Give n(4).
18
Let l(k) = 9*k**2 + k + 1. Let i = 50 + -51. Determine l(i).
9
Let n(r) = -4 - 2*r + 3 + 0*r - 4*r. Let f be 9/(-3) - (-1 - 0). Give n(f).
11
Suppose 6*b = 4*h + 5*b + 21, 2*h + 5*b + 27 = 0. Let z(r) = -2*r. What is z(h)?
12
Let q(p) = -7*p**3 - 6*p**2 + 5*p - 2. Let m(a) = a**3 + a**2 - a. Let t(w) = -6*m(w) - q(w). Determine t(0).
2
Let t(c) = -3*c**2 - 3*c - 3. Suppose 3*f = 5*s - 9, 9 + 4 = 2*f + 3*s. Suppose 5*p + f*m + 12 = 0, -2 + 0 = -p + 4*m. What is t(p)?
-9
Let m(c) = -2 + 0*c**2 - c**3 - c**2 + 3. Suppose -4*v = -4*q + 4, -q - q + 5*v + 2 = 0. Let d = -1 - q. Give m(d).
5
Let p(h) = h**2 + 6*h - 6. Suppose -5*b + 4*b + 3*o = 21, -9 = 4*b + 3*o. Calculat